{"id":3835,"date":"2026-03-23T16:21:46","date_gmt":"2026-03-23T16:21:46","guid":{"rendered":"https:\/\/capital-b.ca\/?post_type=property&#038;p=3835"},"modified":"2026-04-30T17:57:55","modified_gmt":"2026-04-30T17:57:55","slug":"4570-rue-berri","status":"publish","type":"property","link":"https:\/\/capital-b.ca\/fr\/property\/4570-rue-berri\/","title":{"rendered":"4570 rue Berri"},"content":{"rendered":"<h2 class=\"wp-block-heading\">Magnifique condo au rez-de-chauss\u00e9e au coeur du Plateau-Mont-Royal<\/h2>\n\n\n\n<p>Si vous r\u00eavez de vivre dans l'un des quartiers les plus populaires et les plus dynamiques de Montr\u00e9al, ne cherchez plus. Cette splendide r\u00e9sidence de plain-pied, parfaitement int\u00e9gr\u00e9e \u00e0 l'esprit chaleureux et cosmopolite du Plateau, offre le luxe rare de <strong>vie de plain-pied<\/strong> combin\u00e9e \u00e0 une retraite priv\u00e9e en plein air.<\/p>\n\n\n\n<h3 class=\"wp-block-heading\">Caract\u00e9ristiques de la propri\u00e9t\u00e9 :<\/h3>\n\n\n\n<ul class=\"wp-block-list\">\n<li><strong>Am\u00e9nagement pratique sur un seul niveau :<\/strong> Pas d'escaliers \u00e0 franchir - cette maison offre un plan d'\u00e9tage moderne et accessible qui optimise chaque m\u00e8tre carr\u00e9.<\/li>\n\n\n\n<li><strong>Des espaces de vie polyvalents :<\/strong> Comprend deux chambres \u00e0 coucher, dont une <strong>chambre double spacieuse<\/strong>. Cet espace flexible est parfait pour une suite principale ou peut facilement \u00eatre configur\u00e9 en tant qu'espace de travail. <strong>grand bureau \u00e0 domicile<\/strong> pour ceux qui travaillent \u00e0 domicile.<\/li>\n\n\n\n<li><strong>Cour et terrasse priv\u00e9es :<\/strong> Votre propre sanctuaire urbain. Cette arri\u00e8re-cour priv\u00e9e est dot\u00e9e d'une terrasse personnalis\u00e9e, id\u00e9ale pour les caf\u00e9s du matin, les barbecues d'\u00e9t\u00e9 ou tout simplement pour se d\u00e9tendre en plein air.<\/li>\n<\/ul>\n\n\n\n<h3 class=\"wp-block-heading\">Faits saillants du quartier :<\/h3>\n\n\n\n<p>Id\u00e9alement situ\u00e9 dans une rue calme, \u00e0 mi-chemin entre le centre ville et le centre-ville. <strong>M\u00e9tro Mont-Royal<\/strong> et <strong>Metro Laurier<\/strong>, vous \u00eates \u00e0 l'\u00e9picentre du quartier le plus embl\u00e9matique de Montr\u00e9al :<\/p>\n\n\n\n<ul class=\"wp-block-list\">\n<li><strong>Transit imbattable :<\/strong> Vous \u00eates \u00e0 quelques pas de deux grandes stations de m\u00e9tro, ce qui vous permet de vous d\u00e9placer ou d'explorer la ville sans effort.<\/li>\n\n\n\n<li><strong>Le meilleur du Plateau :<\/strong> Vous \u00eates \u00e0 quelques pas de la rue Mont-Royal et de l'avenue Laurier, qui regorgent de boutiques \u00e9clectiques, de restaurants renomm\u00e9s, de caf\u00e9s accueillants et de boulangeries artisanales.<\/li>\n\n\n\n<li><strong>Un espace vert \u00e0 votre porte :<\/strong> Un magnifique parc se trouve juste devant le b\u00e2timent, offrant un cadre luxuriant pour se promener ou profiter de la nature au c\u0153ur de la ville.<\/li>\n\n\n\n<li><strong>Commodit\u00e9 urbaine :<\/strong> Le quartier est un paradis pour les cyclistes, avec des stations BIXI \u00e0 proximit\u00e9, et un acc\u00e8s facile aux \u00e9piceries biologiques, aux march\u00e9s locaux et aux services essentiels.<\/li>\n<\/ul>\n\n\n\n<p><strong>Une perle rare au rez-de-chauss\u00e9e avec un jardin priv\u00e9 dans un emplacement de choix - c'est une propri\u00e9t\u00e9 \u00e0 visiter absolument !<\/strong><\/p>\n\n\n\n<p><\/p>","protected":false},"featured_media":3836,"parent":0,"template":"","property_type":[15,26,8],"class_list":["post-3835","property","type-property","status-publish","has-post-thumbnail","hentry","property_type-condo","property_type-for-sale","property_type-residential"],"acf":[],"_links":{"self":[{"href":"https:\/\/capital-b.ca\/fr\/wp-json\/wp\/v2\/property\/3835","targetHints":{"allow":["GET"]}}],"collection":[{"href":"https:\/\/capital-b.ca\/fr\/wp-json\/wp\/v2\/property"}],"about":[{"href":"https:\/\/capital-b.ca\/fr\/wp-json\/wp\/v2\/types\/property"}],"wp:featuredmedia":[{"embeddable":true,"href":"https:\/\/capital-b.ca\/fr\/wp-json\/wp\/v2\/media\/3836"}],"wp:attachment":[{"href":"https:\/\/capital-b.ca\/fr\/wp-json\/wp\/v2\/media?parent=3835"}],"wp:term":[{"taxonomy":"property_type","embeddable":true,"href":"https:\/\/capital-b.ca\/fr\/wp-json\/wp\/v2\/property_type?post=3835"}],"curies":[{"name":"wp","href":"https:\/\/api.w.org\/{rel}","templated":true}]}}

<h2 class="wp-block-heading">Magnifique condo au rez-de-chaussée au coeur du Plateau-Mont-Royal</h2>



<p>Si vous rêvez de vivre dans l'un des quartiers les plus populaires et les plus dynamiques de Montréal, ne cherchez plus. Cette splendide résidence de plain-pied, parfaitement intégrée à l'esprit chaleureux et cosmopolite du Plateau, offre le luxe rare de <strong>vie de plain-pied</strong> combinée à une retraite privée en plein air.</p>



<h3 class="wp-block-heading">Caractéristiques de la propriété :</h3>



<ul class="wp-block-list">
<li><strong>Aménagement pratique sur un seul niveau :</strong> Pas d'escaliers à franchir - cette maison offre un plan d'étage moderne et accessible qui optimise chaque mètre carré.</li>



<li><strong>Des espaces de vie polyvalents :</strong> Comprend deux chambres à coucher, dont une <strong>chambre double spacieuse</strong>. Cet espace flexible est parfait pour une suite principale ou peut facilement être configuré en tant qu'espace de travail. <strong>grand bureau à domicile</strong> pour ceux qui travaillent à domicile.</li>



<li><strong>Cour et terrasse privées :</strong> Votre propre sanctuaire urbain. Cette arrière-cour privée est dotée d'une terrasse personnalisée, idéale pour les cafés du matin, les barbecues d'été ou tout simplement pour se détendre en plein air.</li>
</ul>



<h3 class="wp-block-heading">Faits saillants du quartier :</h3>



<p>Idéalement situé dans une rue calme, à mi-chemin entre le centre ville et le centre-ville. <strong>Métro Mont-Royal</strong> et <strong>Metro Laurier</strong>, vous êtes à l'épicentre du quartier le plus emblématique de Montréal :</p>



<ul class="wp-block-list">
<li><strong>Transit imbattable :</strong> Vous êtes à quelques pas de deux grandes stations de métro, ce qui vous permet de vous déplacer ou d'explorer la ville sans effort.</li>



<li><strong>Le meilleur du Plateau :</strong> Vous êtes à quelques pas de la rue Mont-Royal et de l'avenue Laurier, qui regorgent de boutiques éclectiques, de restaurants renommés, de cafés accueillants et de boulangeries artisanales.</li>



<li><strong>Un espace vert à votre porte :</strong> Un magnifique parc se trouve juste devant le bâtiment, offrant un cadre luxuriant pour se promener ou profiter de la nature au cœur de la ville.</li>



<li><strong>Commodité urbaine :</strong> Le quartier est un paradis pour les cyclistes, avec des stations BIXI à proximité, et un accès facile aux épiceries biologiques, aux marchés locaux et aux services essentiels.</li>
</ul>



<p><strong>Une perle rare au rez-de-chaussée avec un jardin privé dans un emplacement de choix - c'est une propriété à visiter absolument !</strong></p>



<p></p>
